mainder when t is divided by 480/90*((-243)/18)/(-9).
4
Let z = -36 + 32. Let t be (z/(-6))/((-6)/((-18)/1)). Suppose 5 = 3*p + 4*d, -p = -5*d - t - 6. What is the remainder when 4 is divided by p?
1
Let d = -23 + 50. Let n = 743 - 487. Let p = n + -246. Calculate the remainder when d is divided by p.
7
Let p = 23 + -13. Let y(j) = 2*j**2 - 114*j + 1593. What is the remainder when y(34) is divided by p?
9
Let b = 223 - 296. What is the remainder when 118 is divided by ((-6)/(-4))/(-9 + b/(-8))?
10
Suppose -18*a + 138675 + 8601 = 0. Calculate the remainder when a is divided by 12.
10
Suppose 0 = -2*n + 4, 3*w - 55 + 50 = 5*n. Let x = 9 + -1. Suppose k + 3 = x. What is the remainder when w is divided by k?
0
Let o(r) = -5*r + 12*r - 189 - 115. What is the remainder when o(54) is divided by 17?
6
Let m = 3250 + -3157. What is the remainder when 255 is divided by m?
69
Let j(r) = 74*r - 6325. Calculate the remainder when j(88) is divided by 98.
89
Suppose 23*j - 31 + 54 = 0. What is the remainder when (j - 1)/((-40)/152)*20 is divided by 31?
28
Suppose 0 = -4*a + 16 + 20. Suppose -12*q + 90*q = -107*q + 13135. What is the remainder when q is divided by a?
8
Let w = 23 + -9. Let h(g) = g**3 + 9*g**2 + 18*g + 21. Let n be h(-7). What is the remainder when w is divided by 30/(-70) + (-66)/n?
5
What is the remainder when 425 is divided by (-2)/(-11) + (1386/396 - 51/(-22))?
5
Let s = 300 - -90. What is the remainder when s is divided by 35?
5
Let t be 5/(-2)*2/(-10)*372. Suppose -988 = -2*x + t. Calculate the remainder when x is divided by 31.
29
Let z = -28 + 472. Suppose -15*b = -11*b - z. Calculate the remainder when b is divided by 19.
16
Suppose b - 2*x = -2*b + 591, 3*b + 3*x = 576. What is the remainder when b is divided by ((5628/18)/(-7))/(2/(-3))?
61
Suppose -d + 60 = 4*d. Suppose 5*t - 4*y = 1587, -4*t + 3*t - 4*y + 303 = 0. Suppose 0 = 18*w - 15*w - t. Calculate the remainder when w is divided by d.
9
Suppose 4*y - 2*y - 16 = 0. Suppose -c - 3*c = 8, -3*c = 2*q. Suppose -q*f = -3*n + 33, -2*n + 16 = 2*f - 6*f. Calculate the remainder when n is divided by y.
6
Let j be (2/(-10))/((-47)/(-1175)). What is the remainder when 119 is divided by (j - -16) + (-3)/((-6)/(-10))?
5
Suppose 4*g - 6 = 2*g. Let m = -1202 + 1209. Calculate the remainder when 2/3 + 73/g is divided by m.
4
Let r(i) = 19*i**2 - 14*i + 1. What is the remainder when 3 + -5 + 26/2 is divided by r(1)?
5
Suppose -92 = -m - v, -153*m = -152*m + 2*v - 103. Suppose 0 = 2*x - 4. What is the remainder when m is divided by 1/(0 - x/(-24))?
9
Suppose 2*o - 3*y + 17 = -3*o, 2 = -2*y. Let t(i) = 17*i + 76. Calculate the remainder when 119 is divided by t(o).
7
Suppose 3364 = 50*b + 1314. Let q = 73 - 50. What is the remainder when b is divided by q?
18
Suppose 183*w + 1196 = 5039. Calculate the remainder when 8587 is divided by w.
19
Suppose -4*r = m - 62, 0 = 5*m + 291*r - 287*r - 134. Suppose -l + f = 19, -4*l - f - 27 = 54. Let d = l + 73. Calculate the remainder when d is divided by m.
17
Let f(o) = -1046*o - 49921. What is the remainder when f(-48) is divided by 3/(-2)*232/(-6)?
55
Let u(t) = -3*t**3 - 22*t**2 - 8*t + 30. What is the remainder when 541 is divided by u(-7)?
23
Suppose 2*p = 4*g + 244, 22*g - 18*g - 74 = -p. Calculate the remainder when p is divided by 96.
10
Suppose 2*h - 125*o = -123*o + 5244, 4*o + 7871 = 3*h. Calculate the remainder when h is divided by 17.
16
Suppose -167 = -11*f + 119. What is the remainder when (6 + 0)/(-2)*(-1176)/4 is divided by f?
24
Suppose -6*r = 317 - 911. Suppose 5 = -j - 3*f - 1, -3*f = -2*j + 24. What is the remainder when r is divided by j?
3
Let j(q) = -212*q - 1. Let z be j(-1). Let g = -131 + z. Calculate the remainder when g is divided by (87/12 + 12/(-48))*3.
17
Suppose 0 = 18*t - 316 - 620. Let x(c) = c**2 + 12*c - 15. Calculate the remainder when x(13) is divided by t.
50
Let g = -397 - -235. Let l = g - -267. Calculate the remainder when (l/(-30))/((-2)/20) is divided by 9.
8
Let k = 41 + -9. Suppose 3*t = -t + k. Calculate the remainder when (-17 - -12) + 12 - (20 - -1)*-1 is divided by t.
4
Let m(v) = v + 7. Let d be m(-15). Suppose -17*t + 6*t + 319 = 0. What is the remainder when t is divided by (d/20)/(1/(-20))?
5
Let i(o) = -o**3 - 7*o**2 - 5. Let r be i(-4). Let y = r + 53. Suppose y = -4*l + 122 - 34. What is the remainder when 85 is divided by l?
19
Let z = 9861 - 9756. Calculate the remainder when 320 is divided by z.
5
Let v = -314 - -448. Let k = 307 - 273. What is the remainder when (0 - (-1)/2)*v is divided by k?
33
Suppose 36 = 3*l + 51, -d + l = -161. What is the remainder when 712 is divided by d?
88
Suppose 5*a + 5*d - 7*d - 1410 = 0, -270 = -a - 2*d. Suppose -m + a = 5*t - 74, 2*t = -2*m + 148. Calculate the remainder when 136 is divided by t.
66
Let y(f) = -f**3 - 13*f**2 + 14*f + 24. Let q be y(-14). Suppose -8*j + q*j = 304. What is the remainder when j is divided by 8?
3
Suppose h + 3 = 0, -2*h = -4*x + 2*h + 664. Suppose 0 = 3*j + 4*t - x, 19 = j + 5*t - 17. Let a = j + -53. What is the remainder when 12 is divided by a?
4
Let b = -1875 - -2352. What is the remainder when b is divided by 164?
149
Let d(a) = 3*a**3 - 9*a**2 - 8*a + 5. Let b(r) = -2*r**3 + 11*r**2 + 9*r - 5. Let q(l) = 3*b(l) + 4*d(l). What is the remainder when q(3) is divided by 32?
29
Let x(j) = 18*j**2 - 28*j + 23. What is the remainder when 110 is divided by x(2)?
32
Suppose -2*a = -2*j - 764, -2*a + 433 = -3*j - 338. What is the remainder when a is divided by 218?
157
Suppose 4*r - g + 4*g - 3 = 0, 0 = -2*r - 4*g - 6. Suppose 261*p = 259*p + 4*i + 10, p - 4*i - 5 = 0. What is the remainder when p is divided by r?
2
Suppose 36*o - 383 - 553 = 0. What is the remainder when 153 is divided by o?
23
What is the remainder when 869 is divided by 3*12/(-16)*36/81*-3?
2
Suppose -7*l + 10*l = 5*g + 44, 4*g = -2*l + 44. Calculate the remainder when 31 is divided by (-8)/(-36) - (-50)/l.
1
Calculate the remainder when 707 is divided by 12*((-675)/375)/((-3)/20).
131
Let u(z) = 7*z**2 + 150*z + 941. Calculate the remainder when 839 is divided by u(-6).
253
Let j be (-15 - 3272/(-16))*2*-1. Let w = 424 + j. What is the remainder when w is divided by 23?
22
Suppose 3*j + 3*m = 1956, j = 3*m + 582 + 70. What is the remainder when j is divided by 169?
145
Let x be -2*(3/(-5) + (-9996)/40). Suppose 3*q = x + 477. Let p = -164 + q. Calculate the remainder when p is divided by 33.
30
Let h(r) be the first derivative of 5*r**4/4 + 3*r**2/2 - 5*r + 49. What is the remainder when h(3) is divided by -14*60/16*2/(-3)?
34
Calculate the remainder when 515 is divided by 86 + (42/1)/7.
55
Suppose -5*z = 5*i - 20, 8*z - 3*i + 8 = 9*z. What is the remainder when 174 is divided by (-4)/24 - -217*z/12?
30
Suppose -276 = -3*i + 15*i. What is the remainder when i/(184/(-1056)) + -7 is divided by 36?
17
Let a(t) = -9*t**3 - 56*t**2 - 11*t + 10. Calculate the remainder when 7086 is divided by a(-6).
2
Suppose 36 - 11 = h. Let r(s) = s**3 + 40*s**2 + 64*s - 283. Calculate the remainder when r(-38) is divided by h.
23
Suppose -51*w + 3094 = 883 - 2226. What is the remainder when 869 is divided by w?
86
Let r = 423 + -289. Let f be (-3685)/(-35) + 2/(-7). Suppose -p + 2*p + 2*j - 21 = 0, -4*p + f = j. What is the remainder when r is divided by p?
26
Let n(j) = 2*j**2 + 11*j - 19. Let q = -82 - -84. Let g be n(q). Suppose 12*l - 10 = g*l. What is the remainder when 31 is divided by l?
1
Let p = -172 - -173. What is the remainder when (p - -565)*(-42)/(-84) is divided by 22?
19
Calculate the remainder when 713 is divided by 7406/21 + (-5 - (-125)/15) + -3.
7
Let x(u) = u**3 - 7*u**2 + 9*u + 17. Let z be x(8). Suppose -6*b = 69 + z. Let n = 50 + b. Calculate the remainder when 62 is divided by n.
10
Suppose 0*j + 13*j + 78 = 0. What is the remainder when 32 is divided by 88/(2 + 6) - j?
15
Let l(q) = q**2 + q - 1. Suppose 0 = 5*i + 5*r, -8 = 6*r - 2*r. Let b(o) = o**3 - 55*o**2 + 53*o + 83. What is the remainder when b(54) is divided by l(i)?
4
Suppose 14*s - 3 = 11. What is the remainder when 59 is divided by s - -32 - (-3 + 12 - 6)?
29
Let z = -43 - -77. Suppose 4*y = 5*f - 50 - 19, -2*y = 3*f - 37. What is the remainder when z is divided by f?
8
Let t(m) = -m**3 - 2*